{"id":16,"date":"2017-08-31T09:38:05","date_gmt":"2017-08-31T09:38:05","guid":{"rendered":"http:\/\/quanticalabs.com\/wptest\/cleanmate\/?page_id=16"},"modified":"2023-04-29T15:14:03","modified_gmt":"2023-04-29T15:14:03","slug":"home","status":"publish","type":"page","link":"https:\/\/test.gigeradrian.ch\/","title":{"rendered":"HOME"},"content":{"rendered":"<section class=\"wpb-content-wrapper\"><p>[vc_row css_animation=&#8220;none&#8220; el_class=&#8220;margin-top-89&#8243;][vc_column]<h2 class=\"box-header\">IHR LANDSCHAFTSG\u00c4RTNER F\u00dcR ALLE F\u00c4LLE<\/h2>[vc_column_text el_class=&#8220;description align-center&#8220;]Adrian Giger Landschaftsg\u00e4rtner ist Ihr zuverl\u00e4ssiger Partner f\u00fcr kleine Arbeiten und umfangreichere Projekte im Garten und auf der Terrasse. Als erfahrene diplomierte Landschaftsg\u00e4rtner \u00fcbernehmen wir f\u00fcr Sie die Gartengestaltung, den Gartenbau und die Gartenpflege im Raum Walensee und oberer Z\u00fcrichsee. Ob Sie Ihre Hecken schneiden lassen wollen, im Garten Apfelb\u00e4ume pflanzen m\u00f6chten oder jemanden f\u00fcr die komplette Neugestaltung Ihres Wunschgartens suchen: Das Power-Team von Adrian Giger Landschaftsg\u00e4rtner geht mit Kompetenz und Erfahrung ans Werk. Wir sind vielseitig und flexibel, wir arbeiten effizient, denken nachhaltig und haben ein gutes Auge f\u00fcrs Detail \u2013 aber am besten \u00fcberzeugen Sie sich selbst.[\/vc_column_text][\/vc_column][\/vc_row][vc_row disable_element=&#8220;yes&#8220; el_class=&#8220;align-center margin-top-65 padding-bottom-16&#8243;][vc_column]<a class=\"more\" href=\"https:\/\/test.gigeradrian.ch\/index.php\/referenzen\/\" title=\"REFERENZEN ANSEHEN\">REFERENZEN ANSEHEN<\/a>[\/vc_column][\/vc_row][vc_row type=&#8220;full-width cm-parallax cm-overlay&#8220; top_margin=&#8220;page-margin-top-section&#8220; el_class=&#8220;padding-top-89 padding-bottom-96&#8243; css=&#8220;.vc_custom_1676373579468{background-color: #818c22 !important;}&#8220;][vc_column][vc_row_inner][vc_column_inner]<h2 class=\"box-header white\">KOMPETENZ UND ERFAHRUNG IN 3 LEISTUNGSBEREICHEN<\/h2>[vc_column_text el_class=&#8220;description align-center white&#8220;]Planen Sie einen neuen Garten ganz nach Ihren W\u00fcnschen? Oder suchen Sie Profis f\u00fcr die regelm\u00e4ssige Gartenpflege? Wir unterst\u00fctzen Sie mit Rat und Tat, damit Ihr Aussenraum zum Lebensraum wird \u2013 von der ersten Idee f\u00fcr Ihr neues Gartenprojekt bis zur sorgf\u00e4ltigen, auf die Jahreszeiten abgestimmte Pflege.[\/vc_column_text][\/vc_column_inner][\/vc_row_inner][vc_tabs el_class=&#8220;margin-top-27 white&#8220;][vc_tab icon=&#8220;features-watering-can&#8220; title=&#8220;GARTENPFLEGE&#8220; tab_id=&#8220;our-customers&#8220;][vc_row_inner][vc_column_inner][vc_column_text]Ob nachhaltige Ganzjahrespflege, Baum-, Str\u00e4ucher- oder Rasenpflege, Heckenschnitt, J\u00e4ten und Nachpflanzen, Lauben oder D\u00fcngen: Wir kennen uns mit allen Pflegearbeiten bestens aus. Auch bei der Bek\u00e4mpfung von Sch\u00e4dlingen und Neophyten, bei der Reinigung von Terrassen, bei verschiedensten Ausbesserungsarbeiten oder bei der einfachen Schneer\u00e4umung helfen wir Ihnen gerne.[\/vc_column_text][\/vc_column_inner][\/vc_row_inner][\/vc_tab][vc_tab icon=&#8220;features-leaf&#8220; title=&#8220;GARTENGESTALTUNG&#8220; tab_id=&#8220;the-environment&#8220;][vc_row_inner][vc_column_inner][vc_column_text]Gerne erstellen wir das Konzept f\u00fcr Ihren Wunschgarten und visualisieren es mit passenden Skizzen. Wir machen uns vor Ort ein Bild und schlagen Ihnen f\u00fcr Ihren Standort die optimale Einteilung mit Wegen, Rabatten, Rasen, Biotop, Hochbeet etc. vor. Ebenso definieren wir m\u00f6gliche Materialien (Beton, Metall, Holz, Naturstein etc.) und pr\u00e4sentieren Ihnen Varianten f\u00fcr die Bepflanzung mit B\u00e4umen, Str\u00e4uchern, Stauden und Rasen.[\/vc_column_text][\/vc_column_inner][\/vc_row_inner][\/vc_tab][vc_tab icon=&#8220;features-construction&#8220; title=&#8220;GARTENBAU&#8220; tab_id=&#8220;communication&#8220;][vc_row_inner][vc_column_inner][vc_column_text]Ob ein komplett neuer Traumgarten entstehen soll oder ob Sie einen bestehenden Garten sanieren m\u00f6chten: Wir bauen die Fundamente, legen Platten, bauen Treppen, Mauern und Grenzabschl\u00fcsse. Und selbstverst\u00e4ndlich s\u00e4hen und pflanzen wir auch alles, was Sie gerne in Ihrem gr\u00fcnen Paradies haben m\u00f6chten.[\/vc_column_text][\/vc_column_inner][\/vc_row_inner][\/vc_tab][\/vc_tabs][\/vc_column][\/vc_row][vc_row top_margin=&#8220;page-margin-top-section&#8220;][vc_column css=&#8220;.vc_custom_1677057568440{margin-bottom: -20px !important;}&#8220;]<h2 class=\"box-header\">\u00dcBER UNS<\/h2>[vc_empty_space height=&#8220;50px&#8220;][vc_row_inner][vc_column_inner width=&#8220;1\/4&#8243;][vc_empty_space][\/vc_column_inner][vc_column_inner width=&#8220;1\/4&#8243;][vc_single_image image=&#8220;1503&#8243; img_size=&#8220;full&#8220; alignment=&#8220;center&#8220;][vc_empty_space height=&#8220;30px&#8220;][vc_column_text]<\/p>\n<h3 style=\"text-align: center;\"><strong>ADRIAN GIGER<\/strong><\/h3>\n<p>[\/vc_column_text][vc_column_text]<\/p>\n<p style=\"text-align: center;\">Eidg. dipl. Landschaftsg\u00e4rtner<br \/>\nInhaber<\/p>\n<p style=\"text-align: center;\"><strong>+41 79 554 27 73<\/strong><\/p>\n<p>[\/vc_column_text][vc_icon icon_fontawesome=&#8220;far fa-envelope&#8220; color=&#8220;custom&#8220; align=&#8220;center&#8220; custom_color=&#8220;#000000&#8243; css=&#8220;.vc_custom_1682781241544{margin-top: -20px !important;}&#8220; link=&#8220;url:mailto%3Amail%40gigeradrian.ch|target:_blank&#8220;][\/vc_column_inner][vc_column_inner width=&#8220;1\/4&#8243;][vc_single_image image=&#8220;1505&#8243; img_size=&#8220;full&#8220; alignment=&#8220;center&#8220;][vc_empty_space height=&#8220;30px&#8220;][vc_column_text]<\/p>\n<h3 style=\"text-align: center;\"><strong>THOMAS KR\u00d6GEL<br \/>\n<\/strong><\/h3>\n<p>[\/vc_column_text][vc_column_text]<\/p>\n<p style=\"text-align: center;\">Eidg. dipl. Landschaftsg\u00e4rtner<\/p>\n<p>[\/vc_column_text][\/vc_column_inner][vc_column_inner width=&#8220;1\/4&#8243;][vc_empty_space][\/vc_column_inner][\/vc_row_inner][\/vc_column][\/vc_row][vc_row type=&#8220;full-width cm-parallax cm-overlay&#8220; top_margin=&#8220;page-margin-top-section&#8220; css=&#8220;.vc_custom_1676373607915{background-image: url(https:\/\/test.gigeradrian.ch\/wp-content\/uploads\/2023\/02\/Bildschirmfoto-2022-12-09-um-08.40.19.png?id=1326) !important;}&#8220; el_class=&#8220;moving-parallax counters-group padding-bottom-100&#8243;][vc_column][vc_row_inner][vc_column_inner width=&#8220;1\/4&#8243;]<div class=\"counter-box\"><div class=\"ornament-container\">\r\n\t\t\t\t\t\t<div class=\"ornament animated-element duration-2000 animation-ornamentHeight\" data-animation-start=\"230\"><\/div>\r\n\t\t\t\t\t<\/div><span class=\"number animated-element\" data-value=\"295\" data-animation-start=\"230\"><\/span><p>GEPFLANZTE B\u00c4UME<\/p><\/div>[\/vc_column_inner][vc_column_inner width=&#8220;1\/4&#8243;]<div class=\"counter-box\"><div class=\"ornament-container\">\r\n\t\t\t\t\t\t<div class=\"ornament animated-element duration-2000 animation-ornamentHeight\" data-animation-start=\"230\"><\/div>\r\n\t\t\t\t\t<\/div><span class=\"number animated-element\" data-value=\"400\" data-animation-start=\"230\"><\/span><p>TONNEN GARTENERDE<\/p><\/div>[\/vc_column_inner][vc_column_inner width=&#8220;1\/4&#8243;]<div class=\"counter-box\"><div class=\"ornament-container\">\r\n\t\t\t\t\t\t<div class=\"ornament animated-element duration-2000 animation-ornamentHeight\" data-animation-start=\"230\"><\/div>\r\n\t\t\t\t\t<\/div><span class=\"number animated-element\" data-value=\"200000\" data-animation-start=\"230\"><\/span><p>KOMPOSTIERTE LAUBBL\u00c4TTER<\/p><\/div>[\/vc_column_inner][vc_column_inner width=&#8220;1\/4&#8243;]<div class=\"counter-box\"><div class=\"ornament-container\">\r\n\t\t\t\t\t\t<div class=\"ornament animated-element duration-2000 animation-ornamentHeight\" data-animation-start=\"230\"><\/div>\r\n\t\t\t\t\t<\/div><span class=\"number animated-element\" data-value=\"55\" data-animation-start=\"230\"><\/span><p>ZUFRIEDENE KUNDEN<\/p><\/div>[\/vc_column_inner][\/vc_row_inner][\/vc_column][\/vc_row][vc_row type=&#8220;full-width cm-parallax cm-overlay&#8220; disable_element=&#8220;yes&#8220; el_class=&#8220;padding-top-112 padding-bottom-115&#8243; css=&#8220;.vc_custom_1682779038266{background-color: #cde03e !important;}&#8220;][vc_column][vc_row_inner][vc_column_inner]<div class=\"testimonials-container type-big\"><a href=\"#\" class=\"slider-control left template-arrow-horizontal-3\"><\/a><ul class=\"testimonials-list testimonials-carousel autoplay-0 pause_on_hover-1 scroll-1 effect-scroll easing-easeInOutQuint duration-750\"><li>\r\n\t\t\t\t\t<div class=\"testimonials-icon template-quote\"><\/div>\r\n\t\t\t\t\t<p>Pala rei publis fachuid consultus, nosta nos norei consull abunclervid patquam at manunumus. Ostrat qua et Catus are Catabemquam publin virmis se mo egercerfecto et es conessus, tella atum dius stanter ad cerem nostro erium sti tam.<\/p>\r\n\t\t\t\t\t\r\n\t\t\t\t\t<h6>MARIA HUGENTOBLER, WESEN<\/h6>\r\n\t\t\t\t\t\r\n\t\t\t\t\t\r\n\t\t\t\t<\/li><li>\r\n\t\t\t\t\t<div class=\"testimonials-icon template-quote\"><\/div>\r\n\t\t\t\t\t<p>We would like to thank Cleanmate company for an outstanding effort on this recently completed project located in the Moscow. The project involved a very aggressive schedule and it was completed on time.<\/p>\r\n\t\t\t\t\t\r\n\t\t\t\t\t<h6>MARK, SOUTH EVERETT<\/h6>\r\n\t\t\t\t\t\r\n\t\t\t\t\t\r\n\t\t\t\t<\/li><li>\r\n\t\t\t\t\t<div class=\"testimonials-icon template-quote\"><\/div>\r\n\t\t\t\t\t<p>Cleanmate cleaned my home today - they did a terrific job. They even moved the folding chairs beside the washer to be sure the laundry floor was cleaned - they really paid attention to detail. Thank you!<\/p>\r\n\t\t\t\t\t\r\n\t\t\t\t\t<h6>ANTHONY, BELLEVUE<\/h6>\r\n\t\t\t\t\t\r\n\t\t\t\t\t\r\n\t\t\t\t<\/li><\/ul><a href=\"#\" class=\"slider-control right template-arrow-horizontal-3\"><\/a><\/div>[\/vc_column_inner][\/vc_row_inner][\/vc_column][\/vc_row][vc_row type=&#8220;full-width&#8220; disable_element=&#8220;yes&#8220; el_class=&#8220;padding-top-89 padding-bottom-100&#8243;][vc_column][vc_row_inner][vc_column_inner]<h2 class=\"box-header\">UNSERE REFERENZEN<\/h2>[vc_column_text el_class=&#8220;description align-center&#8220;]Pflegen, bauen, gestalten: Hier haben wir f\u00fcr Sie verschiedene Kundenprojekte zusammengestellt. Lassen Sie sich inspirieren![\/vc_column_text][\/vc_column_inner][\/vc_row_inner][\/vc_column][\/vc_row][vc_row disable_element=&#8220;yes&#8220; el_class=&#8220;align-center margin-top-65 padding-bottom-16&#8243; css=&#8220;.vc_custom_1682779131552{margin-top: -50px !important;}&#8220;][vc_column]<a class=\"more\" href=\"https:\/\/test.gigeradrian.ch\/index.php\/referenzen\/\" title=\"REFERENZEN ANSEHEN\">REFERENZEN ANSEHEN<\/a>[\/vc_column][\/vc_row][vc_row disable_element=&#8220;yes&#8220;][vc_column][vc_empty_space height=&#8220;75&#8243;][\/vc_column][\/vc_row][vc_row disable_element=&#8220;yes&#8220;][vc_column width=&#8220;1\/3&#8243;][vc_column_text]            <div class=\"oxi-addons-container noLightbox oxi-image-hover-wrapper-1 \" id=\"oxi-image-hover-wrapper-1\">\r\n                <div class=\"oxi-addons-row\">\r\n                                <div class=\"oxi-image-hover-style oxi-bt-col-lg-12 oxi-bt-col-md-12 oxi-bt-col-sm-12  \" >\r\n                <div class=\"oxi-image-hover-style-caption\">\r\n                    <div class=\"oxi-image-hover oxi-image-caption-hover oxi-image-caption-hover-style-9 oxi-image-fade-in-down\">\r\n                                                    \r\n                            <div class=\"oxi-image-hover-figure\">\r\n                                <div class=\"oxi-image-hover-image\">\r\n                                    <img decoding=\"async\" src=\"https:\/\/test.gigeradrian.ch\/wp-content\/uploads\/2023\/02\/thumb-ref-villa-370x280-1.jpg\" >\r\n                                <\/div>\r\n                                <div class=\"oxi-image-hover-figure-caption\">\r\n                                    <div class=\"oxi-image-hover-caption-tab image-hover-align-center-center\">\r\n                                                                                    <h3 class=\"oxi-image-hover-heading iheu-fade-up \">LAYOUT REFERENZSEITE<\/h3>\r\n                                                                                        <div class=\"oxi-image-hover-button iheu-fade-up \">\r\n                                                <a  href=\"https:\/\/test.gigeradrian.ch\/index.php\/layout-referenzseite\/\" class=\"oxi-image-btn\">REFERENZ ANSEHEN<\/a>\r\n                                            <\/div>\r\n                                                        <\/div>\r\n                                <\/div>\r\n                            <\/div>\r\n                                                <\/div>\r\n                <\/div>\r\n                            <\/div>\r\n                            <\/div>\r\n            <\/div>\r\n        [\/vc_column_text][\/vc_column][vc_column width=&#8220;1\/3&#8243;][vc_column_text]            <div class=\"oxi-addons-container noLightbox oxi-image-hover-wrapper-2 \" id=\"oxi-image-hover-wrapper-2\">\r\n                <div class=\"oxi-addons-row\">\r\n                                <div class=\"oxi-image-hover-style oxi-bt-col-lg-12 oxi-bt-col-md-12 oxi-bt-col-sm-12  \" >\r\n                <div class=\"oxi-image-hover-style-caption\">\r\n                    <div class=\"oxi-image-hover oxi-image-caption-hover oxi-image-caption-hover-style-9 oxi-image-fade-in-down\">\r\n                                                    \r\n                            <div class=\"oxi-image-hover-figure\">\r\n                                <div class=\"oxi-image-hover-image\">\r\n                                    <img decoding=\"async\" src=\"https:\/\/test.gigeradrian.ch\/wp-content\/uploads\/2023\/02\/thumb-ref-biotop-370x280-1.jpg\" >\r\n                                <\/div>\r\n                                <div class=\"oxi-image-hover-figure-caption\">\r\n                                    <div class=\"oxi-image-hover-caption-tab image-hover-align-center-center\">\r\n                                                                                    <h3 class=\"oxi-image-hover-heading iheu-fade-up \">GARTENGESTALTUNG\/GARTENBAU EINFAMILIENHAUS GOMMISWALD<\/h3>\r\n                                                                                        <div class=\"oxi-image-hover-button iheu-fade-up \">\r\n                                                <a  href=\"https:\/\/test.gigeradrian.ch\/index.php\/einfamilienhaus-gommiswald\/\" class=\"oxi-image-btn\">REFERENZ ANSEHEN<\/a>\r\n                                            <\/div>\r\n                                                        <\/div>\r\n                                <\/div>\r\n                            <\/div>\r\n                                                <\/div>\r\n                <\/div>\r\n                            <\/div>\r\n                            <\/div>\r\n            <\/div>\r\n        [\/vc_column_text][\/vc_column][vc_column width=&#8220;1\/3&#8243;][vc_column_text]            <div class=\"oxi-addons-container noLightbox oxi-image-hover-wrapper-3 \" id=\"oxi-image-hover-wrapper-3\">\r\n                <div class=\"oxi-addons-row\">\r\n                                <div class=\"oxi-image-hover-style oxi-bt-col-lg-12 oxi-bt-col-md-12 oxi-bt-col-sm-12  \" >\r\n                <div class=\"oxi-image-hover-style-caption\">\r\n                    <div class=\"oxi-image-hover oxi-image-caption-hover oxi-image-caption-hover-style-9 oxi-image-fade-in-down\">\r\n                                                    \r\n                            <div class=\"oxi-image-hover-figure\">\r\n                                <div class=\"oxi-image-hover-image\">\r\n                                    <img decoding=\"async\" src=\"https:\/\/test.gigeradrian.ch\/wp-content\/uploads\/2023\/02\/thumb-ref-spitzbaumli-370x280-1.jpg\" >\r\n                                <\/div>\r\n                                <div class=\"oxi-image-hover-figure-caption\">\r\n                                    <div class=\"oxi-image-hover-caption-tab image-hover-align-center-center\">\r\n                                                                                    <h3 class=\"oxi-image-hover-heading iheu-fade-up \">LEISTUNGSBEREICH OBJEKT ORT<\/h3>\r\n                                                        <\/div>\r\n                                <\/div>\r\n                            <\/div>\r\n                                                <\/div>\r\n                <\/div>\r\n                            <\/div>\r\n                            <\/div>\r\n            <\/div>\r\n        [\/vc_column_text][\/vc_column][\/vc_row][vc_row][vc_column][vc_empty_space height=&#8220;100px&#8220;][\/vc_column][\/vc_row][vc_row type=&#8220;full-width&#8220; css=&#8220;.vc_custom_1677071614720{background-color: #6c7022 !important;}&#8220;][vc_column css=&#8220;.vc_custom_1677071625860{background-color: #6c7022 !important;}&#8220;][vc_single_image image=&#8220;1308&#8243; img_size=&#8220;medium&#8220; alignment=&#8220;center&#8220; css=&#8220;.vc_custom_1677071674113{margin-top: 50px !important;margin-bottom: 50px !important;}&#8220;][\/vc_column][\/vc_row]<\/p>\n<\/section>","protected":false},"excerpt":{"rendered":"<p>[vc_row css_animation=&#8220;none&#8220; el_class=&#8220;margin-top-89&#8243;][vc_column][vc_column_text el_class=&#8220;description align-center&#8220;]Adrian Giger Landschaftsg\u00e4rtner ist Ihr zuverl\u00e4ssiger Partner f\u00fcr kleine Arbeiten und umfangreichere Projekte im Garten und auf der Terrasse. Als erfahrene diplomierte Landschaftsg\u00e4rtner \u00fcbernehmen wir f\u00fcr Sie die Gartengestaltung, den Gartenbau und die Gartenpflege im Raum Walensee und oberer Z\u00fcrichsee. Ob Sie Ihre Hecken schneiden lassen wollen, im Garten Apfelb\u00e4ume pflanzen<\/p>\n","protected":false},"author":1,"featured_media":0,"parent":0,"menu_order":0,"comment_status":"closed","ping_status":"closed","template":"template-home.php","meta":{"footnotes":""},"class_list":["post-16","page","type-page","status-publish","hentry"],"_links":{"self":[{"href":"https:\/\/test.gigeradrian.ch\/index.php\/wp-json\/wp\/v2\/pages\/16","targetHints":{"allow":["GET"]}}],"collection":[{"href":"https:\/\/test.gigeradrian.ch\/index.php\/wp-json\/wp\/v2\/pages"}],"about":[{"href":"https:\/\/test.gigeradrian.ch\/index.php\/wp-json\/wp\/v2\/types\/page"}],"author":[{"embeddable":true,"href":"https:\/\/test.gigeradrian.ch\/index.php\/wp-json\/wp\/v2\/users\/1"}],"replies":[{"embeddable":true,"href":"https:\/\/test.gigeradrian.ch\/index.php\/wp-json\/wp\/v2\/comments?post=16"}],"version-history":[{"count":86,"href":"https:\/\/test.gigeradrian.ch\/index.php\/wp-json\/wp\/v2\/pages\/16\/revisions"}],"predecessor-version":[{"id":1608,"href":"https:\/\/test.gigeradrian.ch\/index.php\/wp-json\/wp\/v2\/pages\/16\/revisions\/1608"}],"wp:attachment":[{"href":"https:\/\/test.gigeradrian.ch\/index.php\/wp-json\/wp\/v2\/media?parent=16"}],"curies":[{"name":"wp","href":"https:\/\/api.w.org\/{rel}","templated":true}]}}